{"id":6319,"date":"2022-05-13T08:09:04","date_gmt":"2022-05-13T08:09:04","guid":{"rendered":"https:\/\/canofax.hr\/?post_type=product&#038;p=6319"},"modified":"2022-05-13T08:09:04","modified_gmt":"2022-05-13T08:09:04","slug":"canon-laser-i-sensys-mf742cdw","status":"publish","type":"product","link":"https:\/\/canofax.hr\/?product=canon-laser-i-sensys-mf742cdw","title":{"rendered":"Canon laser i-SENSYS MF742Cdw"},"content":{"rendered":"<p>Dostupne funkcije Print \/ Scan \/ Copy<br \/>\nMetoda ispisa Laserski ispis u boji<\/p>\n<p>Funkcija skeniranja DA<br \/>\nFunkcija kopiranja DA, Jednostrano u obostrano (automatski)<\/p>\n<p>Brzina ispisa u boji Jednostrano: do 27 ppm (A4), do 49 ppm (A5 vodoravno)<br \/>\nObostrano: do 24,5 ipm (A4)<br \/>\nRezolucija ispisa 600 x 600 dpi<br \/>\nKvaliteta ispisivanja s tehnologijom automatskog pobolj\u0161anja slike Do 1200 x 1200 dpi<\/p>\n<p>Ulazna ladica Kaseta za 250 listova<br \/>\nVi\u0161enamjenski odlaga\u010d za 50 listova<br \/>\nADF za 50 listova<br \/>\nIzlazna ladica 150 listova<\/p>\n<p>Vrste medija Obi\u010dni papir, reciklirani papir, te\u0161ki papir, tanki papir, papir u boji, sjajni papir, naljepnice, dopisnice, omotnice<br \/>\nPapir 60 do 176 g\/m\u00b2 (do 200 g\/m\u00b2 sa sjajnim papirom)<\/p>\n<p>Brzina procesora 800 MHz x 2<br \/>\nMemorija 1 GB<br \/>\nEmulacije UFRII, PCL 5, PCL6<br \/>\nSu\u010delje USB 2.0 Hi-Speed, 10BASE-T\/100BASE-TX\/1000Base-T, be\u017ei\u010dna veza 802.11b\/g\/n, Wireless Direct veza<\/p>\n<p>OS Windows\u00ae 10 \/ Windows\u00ae 8.1 \/ Windows\u00ae 8 \/ Windows\u00ae 7 \/ Server\u00ae 2016 \/ Server\u00ae 2012R2 \/ Server\u00ae 2012 \/ Server\u00ae 2008R2 \/ Server\u00ae 2008 \/ Vista Mac OS X verzija 10.9.5 i novije \/ Mac OS 10.14 i novije Linux<\/p>\n<p>Razina buke Uklju\u010den: jednostrano 48 dB \/ obostrano 50 dB<br \/>\nPripravno stanje: 28 dB<\/p>\n<p>Dimenzije i masa 471 mm x 469 mm x 460 mm<br \/>\n26,7 kg<\/p>\n<p>Preporu\u010dena mjese\u010dna koli\u010dina ispisa 750 \u2013 4000 stranica mjese\u010dno<\/p>\n<p>Registracija trogodi\u0161njeg jamstva<\/p>\n<p><img decoding=\"async\" class=\"alignnone size-full wp-image-6317\" src=\"https:\/\/canofax.hr\/wp-content\/uploads\/2022\/05\/Ashampoo_Snap_2022.05.13_10h02m22s_002_.png\" alt=\"\" width=\"195\" height=\"223\" srcset=\"https:\/\/canofax.hr\/wp-content\/uploads\/2022\/05\/Ashampoo_Snap_2022.05.13_10h02m22s_002_.png 195w, https:\/\/canofax.hr\/wp-content\/uploads\/2022\/05\/Ashampoo_Snap_2022.05.13_10h02m22s_002_-10x12.png 10w, https:\/\/canofax.hr\/wp-content\/uploads\/2022\/05\/Ashampoo_Snap_2022.05.13_10h02m22s_002_-150x172.png 150w\" sizes=\"(max-width: 195px) 100vw, 195px\" \/><\/p>\n","protected":false},"excerpt":{"rendered":"<p>Dostupne funkcije Print \/ Scan \/ Copy<br \/>\nMetoda ispisa Laserski ispis u boji<\/p>\n<p>Funkcija skeniranja DA<br \/>\nFunkcija kopiranja DA, Jednostrano u obostrano (automatski)<\/p>\n","protected":false},"featured_media":6316,"comment_status":"open","ping_status":"closed","template":"","meta":[],"product_cat":[249,252],"product_tag":[256],"class_list":{"0":"post-6319","1":"product","2":"type-product","3":"status-publish","4":"has-post-thumbnail","6":"product_cat-laserski-printeri","7":"product_cat-mf-a4-color","8":"product_tag-canon-laser-i-sensys-mf742cdw","10":"first","11":"instock","12":"shipping-taxable","13":"product-type-simple"},"_links":{"self":[{"href":"https:\/\/canofax.hr\/index.php?rest_route=\/wp\/v2\/product\/6319","targetHints":{"allow":["GET"]}}],"collection":[{"href":"https:\/\/canofax.hr\/index.php?rest_route=\/wp\/v2\/product"}],"about":[{"href":"https:\/\/canofax.hr\/index.php?rest_route=\/wp\/v2\/types\/product"}],"replies":[{"embeddable":true,"href":"https:\/\/canofax.hr\/index.php?rest_route=%2Fwp%2Fv2%2Fcomments&post=6319"}],"wp:featuredmedia":[{"embeddable":true,"href":"https:\/\/canofax.hr\/index.php?rest_route=\/wp\/v2\/media\/6316"}],"wp:attachment":[{"href":"https:\/\/canofax.hr\/index.php?rest_route=%2Fwp%2Fv2%2Fmedia&parent=6319"}],"wp:term":[{"taxonomy":"product_cat","embeddable":true,"href":"https:\/\/canofax.hr\/index.php?rest_route=%2Fwp%2Fv2%2Fproduct_cat&post=6319"},{"taxonomy":"product_tag","embeddable":true,"href":"https:\/\/canofax.hr\/index.php?rest_route=%2Fwp%2Fv2%2Fproduct_tag&post=6319"}],"curies":[{"name":"wp","href":"https:\/\/api.w.org\/{rel}","templated":true}]}}