{"id":6098,"date":"2022-02-17T11:46:20","date_gmt":"2022-02-17T11:46:20","guid":{"rendered":"https:\/\/canofax.hr\/?post_type=product&#038;p=6098"},"modified":"2022-02-17T11:46:20","modified_gmt":"2022-02-17T11:46:20","slug":"canon-pixma-ts3351-bijeli","status":"publish","type":"product","link":"https:\/\/canofax.hr\/?product=canon-pixma-ts3351-bijeli","title":{"rendered":"Canon Pixma TS3351 &#8211; Bijeli"},"content":{"rendered":"<p>Tip Cijenom pristupa\u010dan, moderan i funkcionalan, ovaj povezani ure\u0111aj \u201esve u jednom\u201c osnovni je alat za jasne dokumente i fotografija bez obruba formata do 5 x 7 in\u010da.<br \/>\nDostupne funkcije Wi-Fi, ispisivanje, kopiranje, skeniranje, informati\u010dki oblak<\/p>\n<p>Metoda ispisa 2 spremnika s tintom FINE (crni i u boji)<br \/>\nRezolucija ispisa Do 4800 x 1200 dpi<br \/>\nBrzina c\/b ispisa Pribl. 7,7 ipm<br \/>\nBrzina ispisa u boji Pribl. 4 ipm<br \/>\nBrzina foto ispisa Fotografija bez obruba 10 x 15 cm: pribl. 65 sekundi<\/p>\n<p>Ispis bez okvira Da (13 x 18 cm, 10 x 15 cm, 13 x 13 cm)<br \/>\nFunkcija skeniranja Plo\u0161ni skener CIS za fotografije i dokumente<br \/>\n600 x 1200 dpi<br \/>\nFunkcija kopiranja sFCOT: pribl. 27s<br \/>\nsESAT: pribl. 3 ipm<br \/>\nKopiranje dokumenata, kopiranje bez obruba<\/p>\n<p>Ulazna ladica Stra\u017enji odlaga\u010d: maks. 60 listova (obi\u010dni papir)<\/p>\n<p>Veli\u010dina medija Obi\u010dni papir: A4, A5, B5, Letter, Legal<br \/>\nFotopapir: 13 x 18 cm, 10 x 15 cm, 13 x 13 cm<br \/>\n[Prilago\u0111eni format]<br \/>\n\u0161irina 89 \u2013 215,9 mm, duljina 127 \u2013 676 mm<br \/>\nVrste medija Obi\u010dni papir: 64 &#8211; 105 g\/m\u00b2<br \/>\nFotopapir tvrtke Canon: do 275 g\/m\u00b2<\/p>\n<p>Vijek trajanja spremnika crne tinte Crna: 180 stranica<br \/>\nCrna XL: 400 stranica<\/p>\n<p>Vijek trajanja spremnika tinte u boji U boji: 180 stranica<br \/>\nU boji XL: 300 stranica<\/p>\n<p>Su\u010delje Hi-Speed USB (B priklju\u010dnica)<br \/>\nWi-Fi: IEEE802.11 b\/g\/n<\/p>\n<p>Dimenzije i masa 435 x 316 x 145 mm &#8211; 3,9 kg<br \/>\nNamjena Kompaktan, cijenom pristupa\u010dan i sveobuhvatan, Serija PIXMA TS3350 mo\u017ee se pohvaliti be\u017ei\u010dnom vezom, jednostavnim 1,5-in\u010dnim monokromatskim LCD zaslonom i spremnicima FINE s XL opcijama za dokumente s o\u0161trim tekstom i \u017eivopisne fotografije bez obruba formata do 5 x 7 in\u010da.<\/p>\n","protected":false},"excerpt":{"rendered":"<p>Tip Cijenom pristupa\u010dan, moderan i funkcionalan, ovaj povezani ure\u0111aj \u201esve u jednom\u201c osnovni je alat za jasne dokumente i fotografija bez obruba formata do 5 x 7 in\u010da.<br \/>\nDostupne funkcije Wi-Fi, ispisivanje, kopiranje, skeniranje, informati\u010dki oblak<\/p>\n","protected":false},"featured_media":6099,"comment_status":"open","ping_status":"closed","template":"","meta":[],"product_cat":[198,196],"product_tag":[207],"class_list":{"0":"post-6098","1":"product","2":"type-product","3":"status-publish","4":"has-post-thumbnail","6":"product_cat-a4-color","7":"product_cat-color-tintni-multifunkcijski-uredaji","8":"product_tag-canon-pixma-ts3351-bijeli","10":"first","11":"instock","12":"shipping-taxable","13":"product-type-simple"},"_links":{"self":[{"href":"https:\/\/canofax.hr\/index.php?rest_route=\/wp\/v2\/product\/6098","targetHints":{"allow":["GET"]}}],"collection":[{"href":"https:\/\/canofax.hr\/index.php?rest_route=\/wp\/v2\/product"}],"about":[{"href":"https:\/\/canofax.hr\/index.php?rest_route=\/wp\/v2\/types\/product"}],"replies":[{"embeddable":true,"href":"https:\/\/canofax.hr\/index.php?rest_route=%2Fwp%2Fv2%2Fcomments&post=6098"}],"wp:featuredmedia":[{"embeddable":true,"href":"https:\/\/canofax.hr\/index.php?rest_route=\/wp\/v2\/media\/6099"}],"wp:attachment":[{"href":"https:\/\/canofax.hr\/index.php?rest_route=%2Fwp%2Fv2%2Fmedia&parent=6098"}],"wp:term":[{"taxonomy":"product_cat","embeddable":true,"href":"https:\/\/canofax.hr\/index.php?rest_route=%2Fwp%2Fv2%2Fproduct_cat&post=6098"},{"taxonomy":"product_tag","embeddable":true,"href":"https:\/\/canofax.hr\/index.php?rest_route=%2Fwp%2Fv2%2Fproduct_tag&post=6098"}],"curies":[{"name":"wp","href":"https:\/\/api.w.org\/{rel}","templated":true}]}}