{"id":6007,"date":"2022-02-17T10:43:46","date_gmt":"2022-02-17T10:43:46","guid":{"rendered":"https:\/\/canofax.hr\/?post_type=product&#038;p=6007"},"modified":"2022-02-17T10:43:46","modified_gmt":"2022-02-17T10:43:46","slug":"fotokopirni-uredaj-imagerunner-c1538if","status":"publish","type":"product","link":"https:\/\/canofax.hr\/?product=fotokopirni-uredaj-imagerunner-c1538if","title":{"rendered":"Fotokopirni ure\u0111aj imageRUNNER C1538iF"},"content":{"rendered":"<p>Model Laserski vi\u0161efunkcijski A4 ure\u0111aj za za ispisivanje, kopiranje, skeniranje, faksiranje i slanje<\/p>\n<p>Rezolucija Ispis do 1200 x 1200 dpi<br \/>\nKopiranje do 600 x 600 dpi<br \/>\nBrzina ispisa dokumenta do 38 str.\/min (A4)<br \/>\ndo 40 ppm (A5-Landscape)<\/p>\n<p>Vrijeme zagrijavanja Pribl. 4 sekundi ili manje nakon uklju\u010divanja<br \/>\nVrijeme prve kopije U boji pribl.: 8,6 s ili manje<br \/>\nCrno-bijelo pribl.: 7,7 s ili manje<\/p>\n<p>Kapacitet papira Kaseta za 500 listova<br \/>\nVi\u0161enamjenski odlaga\u010d za 50 listova<br \/>\nADF za 100 listova<br \/>\nSu\u010delje USB 2.0 Hi-Speed<br \/>\n10BASE-T\/100BASE-TX\/1000Base-T,<br \/>\nbe\u017ei\u010dna veza 802.11b\/g\/n,<br \/>\nWireless Direct veza<\/p>\n<p>Duplex DA<\/p>\n<p>Dimenzije 500 x 556 x 640 mm, 41kg<\/p>\n<p>Funkcija kopiranja Do 38\/38 ppm (A4R), do 40\/40 ppm (A5R), do 59\/59 ppm (A5)<\/p>\n","protected":false},"excerpt":{"rendered":"<p>Model Laserski vi\u0161efunkcijski A4 ure\u0111aj za za ispisivanje, kopiranje, skeniranje, faksiranje i slanje<br \/>\nRezolucija Ispis do 1200 x 1200 dpi<br \/>\nKopiranje do 600 x 600 dpi<br \/>\nBrzina ispisa dokumenta do 38 str.\/min (A4)<br \/>\ndo 40 ppm (A5-Landscape)<\/p>\n","protected":false},"featured_media":6008,"comment_status":"open","ping_status":"closed","template":"","meta":[],"product_cat":[95,92],"product_tag":[187],"class_list":{"0":"post-6007","1":"product","2":"type-product","3":"status-publish","4":"has-post-thumbnail","6":"product_cat-foto-a4-color","7":"product_cat-fotokopirni-uredaji","8":"product_tag-fotokopirni-uredaj-imagerunner-c1538if","10":"first","11":"instock","12":"shipping-taxable","13":"product-type-simple"},"_links":{"self":[{"href":"https:\/\/canofax.hr\/index.php?rest_route=\/wp\/v2\/product\/6007","targetHints":{"allow":["GET"]}}],"collection":[{"href":"https:\/\/canofax.hr\/index.php?rest_route=\/wp\/v2\/product"}],"about":[{"href":"https:\/\/canofax.hr\/index.php?rest_route=\/wp\/v2\/types\/product"}],"replies":[{"embeddable":true,"href":"https:\/\/canofax.hr\/index.php?rest_route=%2Fwp%2Fv2%2Fcomments&post=6007"}],"wp:featuredmedia":[{"embeddable":true,"href":"https:\/\/canofax.hr\/index.php?rest_route=\/wp\/v2\/media\/6008"}],"wp:attachment":[{"href":"https:\/\/canofax.hr\/index.php?rest_route=%2Fwp%2Fv2%2Fmedia&parent=6007"}],"wp:term":[{"taxonomy":"product_cat","embeddable":true,"href":"https:\/\/canofax.hr\/index.php?rest_route=%2Fwp%2Fv2%2Fproduct_cat&post=6007"},{"taxonomy":"product_tag","embeddable":true,"href":"https:\/\/canofax.hr\/index.php?rest_route=%2Fwp%2Fv2%2Fproduct_tag&post=6007"}],"curies":[{"name":"wp","href":"https:\/\/api.w.org\/{rel}","templated":true}]}}